. List the prime factors of a.
2, 7
Suppose 9*u = 1933 + 4241. What are the prime factors of u?
2, 7
Suppose 3 - 7 = -4*p. Let h be (1 - (-1)/p) + 3. Suppose -3*q = 2*u - 20, h*u - 55 = -5*q - 0*q. What are the prime factors of u?
13
Let i(q) = -115*q**3 + 2*q**2 + 3*q + 2. Let x be i(-1). Let m = x - 68. What are the prime factors of m?
2, 3
Suppose 5*s = 26 - 1. Suppose -28 = s*l - l. Let o = 34 + l. List the prime factors of o.
3
Let j(a) = a**2 + 9*a + 25. Let t(l) = 2*l**2 + 17*l + 51. Let n(o) = 5*j(o) - 2*t(o). List the prime factors of n(-10).
13
Let b(j) = j**3 - j**2 - j + 42. Let n(c) = c + 4. Let u be (-1 + 7)*(-4)/6. Let g be n(u). List the prime factors of b(g).
2, 3, 7
Let y(n) = -n**2 - 15*n - 8. Let v be y(-14). Suppose 0 = -5*b - v + 21. Suppose -2*w = b*h - 32, w = h + 5*w - 24. What are the prime factors of h?
2
Suppose 15*k - 8106 = -6*k. List the prime factors of k.
2, 193
Let s(o) = o**3 - 6*o**2 + 8*o - 8. Let j be (-1)/(-4) + 243/36. What are the prime factors of s(j)?
97
Let a(i) = -9*i - 1. Let r be a(-1). Let p(j) = 6*j**2 + 2 + 0*j**3 - 2*j**3 - 3 - r*j + 3*j**3. List the prime factors of p(-7).
2, 3
Let y(f) be the second derivative of -f**5/20 + 7*f**4/12 + 4*f**3/3 + f**2/2 + 6*f. Let d be y(8). Let m(l) = 6*l - 2. List the prime factors of m(d).
2
Let j = -2 - -4. Suppose -a + j*k + 53 = 6*k, 0 = 4*k. What are the prime factors of a?
53
Let w(y) be the second derivative of y**5/20 - 5*y**4/12 - 7*y**3/6 + 4*y**2 - 2*y. Let a be w(6). Suppose a*q - 72 = -q. List the prime factors of q.
2, 3
Let j(m) = 2*m - 6. Let f be j(8). Let o be (0 - f) + (6 - 5). Let p = o + 12. What are the prime factors of p?
3
Suppose -3*v = -2*v - 12. Suppose -4*o + v = -0*o. Suppose -o*w + 4*b = -27, 4*w + 64 = 8*w + 4*b. What are the prime factors of w?
13
Let t(u) = -76*u - 14. Let x be t(-8). Let b = 847 - x. What are the prime factors of b?
11, 23
Suppose 0 = 3*n + 13*c - 12*c - 9385, 9401 = 3*n + 5*c. List the prime factors of n.
53, 59
Let v(z) = z**2 - 20*z - 49. What are the prime factors of v(24)?
47
Let t = -41 - -111. Let j = t - 20. List the prime factors of j.
2, 5
Let b = 36 - 73. Let m = b + 87. What are the prime factors of m?
2, 5
Suppose -s + 5 = -x + 6, 5 = x - 3*s. List the prime factors of (66/(-18))/((-2)/(-18)*x).
3, 11
Let z(m) = -62*m**3 - m**2 + 2. List the prime factors of z(-2).
2, 13, 19
Let x(u) = 2*u + 1. Suppose -b - 1 = -4*k, 4*k = 3*b - 4 + 7. Let s be b/((1 + 3)/(-8)). List the prime factors of x(s).
5
Let f be 24/(-15)*185/6*-3. Suppose 0 = f*p - 146*p - 64. List the prime factors of p.
2
Suppose -5*l - 665 = 5*m, -4*m = l - 3*l + 532. Let p be (4/14)/((-19)/m). Suppose -4*w + 9*w = p*o + 50, 0 = -2*o. List the prime factors of w.
2, 5
Let a be (-2)/(2/(-7)) + -3. Let v = -146 - -265. Suppose 4 = 2*p, a*p + 0*p - v = -3*w. List the prime factors of w.
37
Let b(k) = -4*k**3 - 2*k**2 + 8*k + 23. Let h be b(-4). List the prime factors of h + 1 + 15/(-5).
3, 71
Let j(g) = -g**2 - 11*g - 6. Let x be j(-9). Let t = x + 46. List the prime factors of t.
2, 29
Let u be 12/5*(-55)/(-22). Suppose 0 = 4*x + 2*f + 66 - 22, 3*f - u = 0. List the prime factors of 2/(-8) - 459/x.
2, 19
Suppose 3*f - 4*f + o = -126, -2*f - 2*o = -240. Suppose -5*d = -5*j - d + 648, -j + 3*d + f = 0. List the prime factors of j.
2, 3, 11
Let a be 1 - (1 - (0 + 2)). Suppose 0 = 5*j + z + 6 - 58, 2*z - 4 = 0. Suppose 0 = o - a*o + j. What are the prime factors of o?
2, 5
Suppose -8*j + 461 = -4027. List the prime factors of j.
3, 11, 17
Suppose 460 - 1270 = -p + 2*l, -p + 792 = 4*l. List the prime factors of p.
2, 3, 67
Let p(b) = b**2 + 10*b + 91. List the prime factors of p(-18).
5, 47
Let l(g) be the third derivative of g**4/24 + 7*g**3/6 - 4*g**2. Let b be 0/(-2 - -6 - 3). List the prime factors of l(b).
7
Let w(p) = p**2 + 8*p + 8. Let m be w(-6). Let n be (4/(-5))/(m/10). Suppose -4*x + 26 = -n. What are the prime factors of x?
7
Suppose c - 1061 = -2*a, -11*c + 10 = -13*c. List the prime factors of a.
13, 41
Let a(r) = 25*r - 26*r + 3 + 126*r. What are the prime factors of a(1)?
2
What are the prime factors of (-2)/(-19) + ((-64280)/(-38))/4?
3, 47
List the prime factors of (-3)/((-3)/71) - -2.
73
Let v = 1269 + -872. What are the prime factors of v?
397
Suppose 5*n + 6257 = 4*c, 4*c - 4002 = -4*n + 2210. List the prime factors of c.
2, 19, 41
Let i = -91 + 45. Let r = 87 + i. Let d = r - 24. List the prime factors of d.
17
Suppose z + 4*n - 801 = 0, -5*n = 4*z - 2259 - 934. Suppose -618 = -5*q + 3*c, c - 171 + z = 5*q. Let w = -59 + q. What are the prime factors of w?
67
Let l be 2/(-2*(-3)/(-72)). Let z be 2/6 - (-8)/l. Suppose z = 5*k - t - 47, -k - 2*t = -7 + 2. What are the prime factors of k?
3
Suppose a - 2 = 2. Let y be (-3)/a - (-92)/16. Suppose -p = -5*p + 2*t + 66, -y*p - 4*t + 63 = 0. List the prime factors of p.
3, 5
Suppose 0*s - 8 = -2*s. Suppose -3*b = s*b - 455. What are the prime factors of b?
5, 13
Let p(j) = -4*j + 3. Let r be p(-15). Suppose n + r = t + 6*n, 402 = 5*t - 4*n. What are the prime factors of t?
2, 3, 13
Let t(m) = 46*m - 42. What are the prime factors of t(13)?
2, 139
Let y = -1616 - -2470. List the prime factors of y.
2, 7, 61
Let s be 64 + -4*2/(-8). Let v = s - 13. List the prime factors of v.
2, 13
Let u = 2 + -3. Let p be (u/(-2))/((-10)/140). List the prime factors of 2 + -5 - p*4.
5
Let b(q) = -18*q - 17. Let h be b(-5). Let r = -31 + h. List the prime factors of r.
2, 3, 7
What are the prime factors of (-48)/(-32)*(-2 - (-3064)/6)?
7, 109
Let s = 17 + -15. Suppose -p - 3 = -s*p. What are the prime factors of (3 - (3 - p)) + 54?
3, 19
Let u = 60 - 68. Let f = u - -124. What are the prime factors of f?
2, 29
Let t(b) = -2*b + 13. Let x be t(6). Let a = 3 - x. Suppose -8*l = -7*l - a. What are the prime factors of l?
2
Let o(j) = -j**3 + 29*j**2 + 29*j + 30. Let m be o(30). Suppose m = 24*q - 30*q + 36. What are the prime factors of q?
2, 3
Suppose -3*i + 5*y + 83 = -943, i = 2*y + 342. Suppose 4*z = i - 62. Suppose 34 + z = 4*r. What are the prime factors of r?
2, 13
Let n = 3889 + -1553. What are the prime factors of n?
2, 73
Let r = 4032 + -2167. What are the prime factors of r?
5, 373
Let u = -38 + 23. List the prime factors of (0 - u)*(-20)/(-6).
2, 5
Let i(r) = r**2 + 2*r. Let t(s) = s**2 - 5*s + 3. Let k be t(3). Let y be i(k). Let o = 18 - y. List the prime factors of o.
3, 5
Suppose -3*k + 2*k + 4 = 0. Suppose -i + k*i = 0. Let j(v) = v + 29. What are the prime factors of j(i)?
29
Let m = -1375 - -3565. List the prime factors of m.
2, 3, 5, 73
Let b be ((-2)/4)/((-5)/50). Suppose 4*p = b*f + 720, 6*p - 5*f - 895 = p. What are the prime factors of p?
5, 7
List the prime factors of 528432/108 + 3/27.
3, 7, 233
Let h be 2 + (-2 + -3 - -3). Suppose h = -3*a + 11 + 4. List the prime factors of a.
5
Let p(r) = -r**2 + 4*r + 18. Let c be p(7). List the prime factors of c + (-243)/(-15) + 1/(-5).
13
Let h = 16 - 15. Let r be -1 + h + (-8)/4. List the prime factors of 3/(-5 - r)*-35.
5, 7
Let k(h) = -34*h - 367. List the prime factors of k(-64).
3, 67
Let p(y) = -y**2 - 18*y + 5. Let w be p(-18). Suppose 0 = a - 2, a = -4*f - 0*a + 306. Suppose 0 = w*t - 34 - f. What are the prime factors of t?
2, 11
Suppose g + 3*g + 4*r - 860 = 0, 2*r + 854 = 4*g. Suppose 18 = -7*a + g. What are the prime factors of a?
2, 7
Let o be ((-8)/20)/(-1 + (-27)/(-30)). Suppose -o*u = 76 - 528. What are the prime factors of u?
113
Let g = -149 + 409. Suppose -g = -2*p - 3*p. What are the prime factors of p?
2, 13
Let w(s) = s + 12. Let u be w(-7). Let z(i) = 32*i**2 + i - 1. Let f(o) = 64*o**2 + 3*o - 2. Let n(c) = u*z(c) - 2*f(c). What are the prime factors of n(-1)?
2
Suppose -l = -2*l - 5*j + 16, 12 = 3*l - 3*j. Suppose 2*m - l = 2, -40 = -4*k - 5*m. Suppose 27 = -4*w + k*w. List the prime factors of w.
3
Let x(f) = f**2 - f + 2. Let i = 0 - 0. Let y be x(i). Suppose 0 = y*s - 6*s + 40. List the prime factors of s.
2, 5
Let v(a) = 3*a**3 + a**2 + a - 7. Let s be v(-3). Let w be (s - -1)/((-3)/14). Suppose -8*d = -2*d - w. What are the prime factors of d?
3, 7
Let s(y) = 3*y + 3*y + y**2 + 2*y - 1. Let k be s(-8). Let t = 10 + k. List the prime factors of t.
3
Suppose -q - 116 = 3*q. Let f = q - -28. List 